{"id":1111,"date":"2022-06-04T16:53:36","date_gmt":"2022-06-04T14:53:36","guid":{"rendered":"https:\/\/rubishome.com\/?post_type=product&#038;p=1111"},"modified":"2023-05-10T15:49:38","modified_gmt":"2023-05-10T13:49:38","slug":"ensemble-de-5-couteaux-avec-support-kumsal-rouge","status":"publish","type":"product","link":"https:\/\/rubishome.com\/?product=ensemble-de-5-couteaux-avec-support-kumsal-rouge","title":{"rendered":"ENSEMBLE DE 5 COUTEAUX AVEC SUPPORT KUMSAL Rouge"},"content":{"rendered":"","protected":false},"excerpt":{"rendered":"<p>Il est fabriqu\u00e9 en acier sp\u00e9cial allemand qui ne perd pas son tranchant pendant longtemps.\u00a0Il offre une facilit\u00e9 d\u2019utilisation gr\u00e2ce \u00e0 ses poign\u00e9es ergonomiques sp\u00e9cialement con\u00e7ues.<\/p>\n<p>Il attire \u00e9galement les yeux avec son design \u00e9l\u00e9gant qui ne prend pas de place sur votre comptoir.<\/p>\n<p>Il convient au lavage au lave-vaisselle.\u00a0S\u00e9chez imm\u00e9diatement apr\u00e8s le lavage pour une utilisation durable.<\/p>\n","protected":false},"featured_media":1112,"comment_status":"open","ping_status":"closed","template":"","meta":[],"_links":{"self":[{"href":"https:\/\/rubishome.com\/index.php?rest_route=\/wp\/v2\/product\/1111"}],"collection":[{"href":"https:\/\/rubishome.com\/index.php?rest_route=\/wp\/v2\/product"}],"about":[{"href":"https:\/\/rubishome.com\/index.php?rest_route=\/wp\/v2\/types\/product"}],"replies":[{"embeddable":true,"href":"https:\/\/rubishome.com\/index.php?rest_route=%2Fwp%2Fv2%2Fcomments&post=1111"}],"wp:featuredmedia":[{"embeddable":true,"href":"https:\/\/rubishome.com\/index.php?rest_route=\/wp\/v2\/media\/1112"}],"wp:attachment":[{"href":"https:\/\/rubishome.com\/index.php?rest_route=%2Fwp%2Fv2%2Fmedia&parent=1111"}],"curies":[{"name":"wp","href":"https:\/\/api.w.org\/{rel}","templated":true}]}}