{"id":1614,"date":"2023-06-21T17:40:11","date_gmt":"2023-06-21T15:40:11","guid":{"rendered":"https:\/\/rubishome.com\/?post_type=product&#038;p=1614"},"modified":"2024-03-12T11:04:09","modified_gmt":"2024-03-12T10:04:09","slug":"set-granite-s-9106","status":"publish","type":"product","link":"https:\/\/rubishome.com\/?product=set-granite-s-9106","title":{"rendered":"SET GRANITE S-9106"},"content":{"rendered":"<p>CONTENU DU PRODUIT<\/p>\n<p>Faitout de 20 cm de profondeur<br \/>\nFaitout de 24 cm de profondeur<br \/>\nFaitout bas 26cm<br \/>\nPo\u00eale de 26 cm<\/p>\n<p>disponible en violet et gris<\/p>\n","protected":false},"excerpt":{"rendered":"<p>CODE PRODUIT:: S-9106<br \/>\nMARQUE: EV\u0130MSARAY<br \/>\nP\u00c9RIODE DE GARANTIE: 2 ANN\u00c9ES<br \/>\nPI\u00c8CE EN BO\u00ceTE: 7 pi\u00e8ces<\/p>\n<p>&nbsp;<\/p>\n","protected":false},"featured_media":1615,"comment_status":"open","ping_status":"closed","template":"","meta":[],"_links":{"self":[{"href":"https:\/\/rubishome.com\/index.php?rest_route=\/wp\/v2\/product\/1614"}],"collection":[{"href":"https:\/\/rubishome.com\/index.php?rest_route=\/wp\/v2\/product"}],"about":[{"href":"https:\/\/rubishome.com\/index.php?rest_route=\/wp\/v2\/types\/product"}],"replies":[{"embeddable":true,"href":"https:\/\/rubishome.com\/index.php?rest_route=%2Fwp%2Fv2%2Fcomments&post=1614"}],"wp:featuredmedia":[{"embeddable":true,"href":"https:\/\/rubishome.com\/index.php?rest_route=\/wp\/v2\/media\/1615"}],"wp:attachment":[{"href":"https:\/\/rubishome.com\/index.php?rest_route=%2Fwp%2Fv2%2Fmedia&parent=1614"}],"curies":[{"name":"wp","href":"https:\/\/api.w.org\/{rel}","templated":true}]}}