{"id":1986,"date":"2024-01-18T16:18:17","date_gmt":"2024-01-18T15:18:17","guid":{"rendered":"https:\/\/rubishome.com\/?post_type=product&#038;p=1986"},"modified":"2025-04-14T20:34:31","modified_gmt":"2025-04-14T18:34:31","slug":"service-en-porcelaine-de-37-pieces","status":"publish","type":"product","link":"https:\/\/rubishome.com\/?product=service-en-porcelaine-de-37-pieces","title":{"rendered":"service en porcelaine de 35 pi\u00e8ces"},"content":{"rendered":"<p>6 assiettes \u00e0 g\u00e2teau<\/p>\n<p>6 tasses \u00e0 caf\u00e9 + 6 sous tasses + 6 cuill\u00e8re<\/p>\n<p>2 assiettes de pr\u00e9sentation ovales<\/p>\n<p>2 petites assiettes de pr\u00e9sentation<\/p>\n<p>2 mini bols<\/p>\n<p>2 mini assiettes avec motif<\/p>\n<p>sellier + poivrier + porte curdents<\/p>\n<p>&nbsp;<\/p>\n","protected":false},"excerpt":{"rendered":"<p>6 assiettes \u00e0 g\u00e2teau 6 tasses \u00e0 caf\u00e9 + 6 sous tasses + 6 cuill\u00e8re 2 assiettes de pr\u00e9sentation ovales 2 petites assiettes de pr\u00e9sentation 2 mini bols 2 mini assiettes avec motif sellier + poivrier + porte curdents &nbsp;<\/p>\n","protected":false},"featured_media":2331,"comment_status":"open","ping_status":"closed","template":"","meta":[],"_links":{"self":[{"href":"https:\/\/rubishome.com\/index.php?rest_route=\/wp\/v2\/product\/1986"}],"collection":[{"href":"https:\/\/rubishome.com\/index.php?rest_route=\/wp\/v2\/product"}],"about":[{"href":"https:\/\/rubishome.com\/index.php?rest_route=\/wp\/v2\/types\/product"}],"replies":[{"embeddable":true,"href":"https:\/\/rubishome.com\/index.php?rest_route=%2Fwp%2Fv2%2Fcomments&post=1986"}],"wp:featuredmedia":[{"embeddable":true,"href":"https:\/\/rubishome.com\/index.php?rest_route=\/wp\/v2\/media\/2331"}],"wp:attachment":[{"href":"https:\/\/rubishome.com\/index.php?rest_route=%2Fwp%2Fv2%2Fmedia&parent=1986"}],"curies":[{"name":"wp","href":"https:\/\/api.w.org\/{rel}","templated":true}]}}