{"id":2064,"date":"2024-04-24T18:57:24","date_gmt":"2024-04-24T16:57:24","guid":{"rendered":"https:\/\/rubishome.com\/?post_type=product&#038;p=2064"},"modified":"2025-09-20T18:15:58","modified_gmt":"2025-09-20T16:15:58","slug":"couscoussier-en-granite-gris","status":"publish","type":"product","link":"https:\/\/rubishome.com\/?product=couscoussier-en-granite-gris","title":{"rendered":"couscoussier en granite gris de 4.5L"},"content":{"rendered":"<p>couscoussier en granite est l&#8217;outil id\u00e9al pour pr\u00e9parer un d\u00e9licieux couscous traditionnel. Avec sa capacit\u00e9 de 5 litres<\/p>\n","protected":false},"excerpt":{"rendered":"<p>couscoussier en granite est l&#8217;outil id\u00e9al pour pr\u00e9parer un d\u00e9licieux couscous traditionnel. Avec sa capacit\u00e9 de 5 litres<\/p>\n","protected":false},"featured_media":2065,"comment_status":"open","ping_status":"closed","template":"","meta":[],"_links":{"self":[{"href":"https:\/\/rubishome.com\/index.php?rest_route=\/wp\/v2\/product\/2064"}],"collection":[{"href":"https:\/\/rubishome.com\/index.php?rest_route=\/wp\/v2\/product"}],"about":[{"href":"https:\/\/rubishome.com\/index.php?rest_route=\/wp\/v2\/types\/product"}],"replies":[{"embeddable":true,"href":"https:\/\/rubishome.com\/index.php?rest_route=%2Fwp%2Fv2%2Fcomments&post=2064"}],"wp:featuredmedia":[{"embeddable":true,"href":"https:\/\/rubishome.com\/index.php?rest_route=\/wp\/v2\/media\/2065"}],"wp:attachment":[{"href":"https:\/\/rubishome.com\/index.php?rest_route=%2Fwp%2Fv2%2Fmedia&parent=2064"}],"curies":[{"name":"wp","href":"https:\/\/api.w.org\/{rel}","templated":true}]}}