{"id":2250,"date":"2024-07-10T18:00:57","date_gmt":"2024-07-10T16:00:57","guid":{"rendered":"https:\/\/rubishome.com\/?post_type=product&#038;p=2250"},"modified":"2026-01-14T14:10:07","modified_gmt":"2026-01-14T13:10:07","slug":"service-a-the-de-12-pieces-papillon","status":"publish","type":"product","link":"https:\/\/rubishome.com\/?product=service-a-the-de-12-pieces-papillon","title":{"rendered":"service \u00e0 th\u00e9 de 12 pi\u00e8ces papillon"},"content":{"rendered":"<p>6 verres \u00e0 th\u00e9<\/p>\n<p>6 sous tasses<\/p>\n","protected":false},"excerpt":{"rendered":"<p>6 verres \u00e0 th\u00e9 6 sous tasses<\/p>\n","protected":false},"featured_media":2251,"comment_status":"open","ping_status":"closed","template":"","meta":[],"_links":{"self":[{"href":"https:\/\/rubishome.com\/index.php?rest_route=\/wp\/v2\/product\/2250"}],"collection":[{"href":"https:\/\/rubishome.com\/index.php?rest_route=\/wp\/v2\/product"}],"about":[{"href":"https:\/\/rubishome.com\/index.php?rest_route=\/wp\/v2\/types\/product"}],"replies":[{"embeddable":true,"href":"https:\/\/rubishome.com\/index.php?rest_route=%2Fwp%2Fv2%2Fcomments&post=2250"}],"wp:featuredmedia":[{"embeddable":true,"href":"https:\/\/rubishome.com\/index.php?rest_route=\/wp\/v2\/media\/2251"}],"wp:attachment":[{"href":"https:\/\/rubishome.com\/index.php?rest_route=%2Fwp%2Fv2%2Fmedia&parent=2250"}],"curies":[{"name":"wp","href":"https:\/\/api.w.org\/{rel}","templated":true}]}}