{"id":2307,"date":"2024-07-19T20:22:36","date_gmt":"2024-07-19T18:22:36","guid":{"rendered":"https:\/\/rubishome.com\/?post_type=product&#038;p=2307"},"modified":"2024-07-19T20:22:37","modified_gmt":"2024-07-19T18:22:37","slug":"service-a-the-latte","status":"publish","type":"product","link":"https:\/\/rubishome.com\/?product=service-a-the-latte","title":{"rendered":"SERVICE \u00c0 TH\u00c9 latte"},"content":{"rendered":"<p>6 verres \u00e0 th\u00e9<\/p>\n<p>6 sous tasses<\/p>\n","protected":false},"excerpt":{"rendered":"<p>6 verres \u00e0 th\u00e9 6 sous tasses<\/p>\n","protected":false},"featured_media":2308,"comment_status":"open","ping_status":"closed","template":"","meta":[],"_links":{"self":[{"href":"https:\/\/rubishome.com\/index.php?rest_route=\/wp\/v2\/product\/2307"}],"collection":[{"href":"https:\/\/rubishome.com\/index.php?rest_route=\/wp\/v2\/product"}],"about":[{"href":"https:\/\/rubishome.com\/index.php?rest_route=\/wp\/v2\/types\/product"}],"replies":[{"embeddable":true,"href":"https:\/\/rubishome.com\/index.php?rest_route=%2Fwp%2Fv2%2Fcomments&post=2307"}],"wp:featuredmedia":[{"embeddable":true,"href":"https:\/\/rubishome.com\/index.php?rest_route=\/wp\/v2\/media\/2308"}],"wp:attachment":[{"href":"https:\/\/rubishome.com\/index.php?rest_route=%2Fwp%2Fv2%2Fmedia&parent=2307"}],"curies":[{"name":"wp","href":"https:\/\/api.w.org\/{rel}","templated":true}]}}