{"id":2359,"date":"2024-09-10T19:18:25","date_gmt":"2024-09-10T17:18:25","guid":{"rendered":"https:\/\/rubishome.com\/?post_type=product&#038;p=2359"},"modified":"2024-09-27T17:35:21","modified_gmt":"2024-09-27T15:35:21","slug":"service-inox-akasia-argent","status":"publish","type":"product","link":"https:\/\/rubishome.com\/?product=service-inox-akasia-argent","title":{"rendered":"Service inox AKASIA argent"},"content":{"rendered":"<p><span id=\"ctl00_ContentPlaceHolder1_lblBUrunKod\">CODE PRODUIT:<\/span>:\u00a0<span id=\"ctl00_ContentPlaceHolder1_lblUrunKod\">352<\/span><\/p>\n<p><span id=\"ctl00_ContentPlaceHolder1_lblMarkaBaslik\">MARQUE<\/span>: KAHRAMANLAR<\/p>\n<p><span id=\"ctl00_ContentPlaceHolder1_lblGarantiB\">P\u00c9RIODE DE GARANTIE<\/span>: 2 ANN\u00c9ES<\/p>\n","protected":false},"excerpt":{"rendered":"<div class=\"accordion_content ui-accordion-content ui-helper-reset ui-widget-content ui-corner-bottom ui-accordion-content-active\">\n<div class=\"accordion_content_inner\">\n<ul>\n<li>Forme de corps sp\u00e9ciale<\/li>\n<li>Base de super capsule assurant une conduction thermique homog\u00e8ne<\/li>\n<li>Des surfaces ext\u00e9rieures qui conservent toujours leur \u00e9clat<\/li>\n<li>Poign\u00e9e et boutons en acier inoxydable r\u00e9sistant \u00e0 la chaleur<\/li>\n<li>Portes en verre transparent r\u00e9sistant \u00e0 la chaleur<\/li>\n<li>Faitout de 20 cm de profondeur<\/li>\n<li>Faitout de 22 cm de profondeur<\/li>\n<li>Faitout de 24 cm de profondeur<\/li>\n<li>Faitout plat de 24 cm<\/li>\n<\/ul>\n<\/div>\n<\/div>\n","protected":false},"featured_media":2360,"comment_status":"open","ping_status":"closed","template":"","meta":[],"_links":{"self":[{"href":"https:\/\/rubishome.com\/index.php?rest_route=\/wp\/v2\/product\/2359"}],"collection":[{"href":"https:\/\/rubishome.com\/index.php?rest_route=\/wp\/v2\/product"}],"about":[{"href":"https:\/\/rubishome.com\/index.php?rest_route=\/wp\/v2\/types\/product"}],"replies":[{"embeddable":true,"href":"https:\/\/rubishome.com\/index.php?rest_route=%2Fwp%2Fv2%2Fcomments&post=2359"}],"wp:featuredmedia":[{"embeddable":true,"href":"https:\/\/rubishome.com\/index.php?rest_route=\/wp\/v2\/media\/2360"}],"wp:attachment":[{"href":"https:\/\/rubishome.com\/index.php?rest_route=%2Fwp%2Fv2%2Fmedia&parent=2359"}],"curies":[{"name":"wp","href":"https:\/\/api.w.org\/{rel}","templated":true}]}}