{"id":2462,"date":"2024-10-21T19:42:00","date_gmt":"2024-10-21T17:42:00","guid":{"rendered":"https:\/\/rubishome.com\/?post_type=product&#038;p=2462"},"modified":"2026-01-14T14:04:10","modified_gmt":"2026-01-14T13:04:10","slug":"service-a-the-18-pieces-selcuklu-gold","status":"publish","type":"product","link":"https:\/\/rubishome.com\/?product=service-a-the-18-pieces-selcuklu-gold","title":{"rendered":"Service \u00e0 th\u00e9 18 pi\u00e8ces Selcuklu Gold"},"content":{"rendered":"<p>6 verres<\/p>\n<p>6 sous tasses en inox 18\/10<\/p>\n<p>6 cuill\u00e8res en inox 18\/10<\/p>\n","protected":false},"excerpt":{"rendered":"<p>6 verres 6 sous tasses en inox 18\/10 6 cuill\u00e8res en inox 18\/10<\/p>\n","protected":false},"featured_media":2463,"comment_status":"open","ping_status":"closed","template":"","meta":[],"_links":{"self":[{"href":"https:\/\/rubishome.com\/index.php?rest_route=\/wp\/v2\/product\/2462"}],"collection":[{"href":"https:\/\/rubishome.com\/index.php?rest_route=\/wp\/v2\/product"}],"about":[{"href":"https:\/\/rubishome.com\/index.php?rest_route=\/wp\/v2\/types\/product"}],"replies":[{"embeddable":true,"href":"https:\/\/rubishome.com\/index.php?rest_route=%2Fwp%2Fv2%2Fcomments&post=2462"}],"wp:featuredmedia":[{"embeddable":true,"href":"https:\/\/rubishome.com\/index.php?rest_route=\/wp\/v2\/media\/2463"}],"wp:attachment":[{"href":"https:\/\/rubishome.com\/index.php?rest_route=%2Fwp%2Fv2%2Fmedia&parent=2462"}],"curies":[{"name":"wp","href":"https:\/\/api.w.org\/{rel}","templated":true}]}}