{"id":2626,"date":"2025-01-02T17:09:46","date_gmt":"2025-01-02T16:09:46","guid":{"rendered":"https:\/\/rubishome.com\/?post_type=product&#038;p=2626"},"modified":"2025-09-09T19:51:49","modified_gmt":"2025-09-09T17:51:49","slug":"service-en-porcelaine-blanc-dore-de-30-pieces","status":"publish","type":"product","link":"https:\/\/rubishome.com\/?product=service-en-porcelaine-blanc-dore-de-30-pieces","title":{"rendered":"Service en porcelaine blanc\/dor\u00e9 de 30 pi\u00e8ces"},"content":{"rendered":"<p>6 assiettes plates<\/p>\n<p>6 assiettes creuses<\/p>\n<p>6 assiettes \u00e0 g\u00e2teau<\/p>\n<p>6 bols<\/p>\n<p>2 pots \u00e0 \u00e9pices<\/p>\n<p>3 assiettes ovales de pr\u00e9sentation<\/p>\n<p>1 saladier<\/p>\n","protected":false},"excerpt":{"rendered":"<p>6 assiettes plates 6 assiettes creuses 6 assiettes \u00e0 g\u00e2teau 6 bols 2 pots \u00e0 \u00e9pices 3 assiettes ovales de pr\u00e9sentation 1 saladier<\/p>\n","protected":false},"featured_media":2629,"comment_status":"open","ping_status":"closed","template":"","meta":[],"_links":{"self":[{"href":"https:\/\/rubishome.com\/index.php?rest_route=\/wp\/v2\/product\/2626"}],"collection":[{"href":"https:\/\/rubishome.com\/index.php?rest_route=\/wp\/v2\/product"}],"about":[{"href":"https:\/\/rubishome.com\/index.php?rest_route=\/wp\/v2\/types\/product"}],"replies":[{"embeddable":true,"href":"https:\/\/rubishome.com\/index.php?rest_route=%2Fwp%2Fv2%2Fcomments&post=2626"}],"wp:featuredmedia":[{"embeddable":true,"href":"https:\/\/rubishome.com\/index.php?rest_route=\/wp\/v2\/media\/2629"}],"wp:attachment":[{"href":"https:\/\/rubishome.com\/index.php?rest_route=%2Fwp%2Fv2%2Fmedia&parent=2626"}],"curies":[{"name":"wp","href":"https:\/\/api.w.org\/{rel}","templated":true}]}}