{"id":2652,"date":"2025-01-02T19:26:24","date_gmt":"2025-01-02T18:26:24","guid":{"rendered":"https:\/\/rubishome.com\/?post_type=product&#038;p=2652"},"modified":"2026-01-27T14:04:49","modified_gmt":"2026-01-27T13:04:49","slug":"service-menagere-72-pieces-tugra-en-argent","status":"publish","type":"product","link":"https:\/\/rubishome.com\/?product=service-menagere-72-pieces-tugra-en-argent","title":{"rendered":"Service m\u00e9nag\u00e8re 72 pi\u00e8ces Tugra en argent"},"content":{"rendered":"<p>12 Cuillers<\/p>\n<p>12 cuillers \u00e0 dessert<\/p>\n<p>12 cuillers \u00e0 caf\u00e9<\/p>\n<p>12 couteaux<\/p>\n<p>12 fourchettes<\/p>\n<p>12 fourchettes \u00e0 dessert<\/p>\n","protected":false},"excerpt":{"rendered":"<p>18\/10<\/p>\n","protected":false},"featured_media":2650,"comment_status":"open","ping_status":"closed","template":"","meta":[],"_links":{"self":[{"href":"https:\/\/rubishome.com\/index.php?rest_route=\/wp\/v2\/product\/2652"}],"collection":[{"href":"https:\/\/rubishome.com\/index.php?rest_route=\/wp\/v2\/product"}],"about":[{"href":"https:\/\/rubishome.com\/index.php?rest_route=\/wp\/v2\/types\/product"}],"replies":[{"embeddable":true,"href":"https:\/\/rubishome.com\/index.php?rest_route=%2Fwp%2Fv2%2Fcomments&post=2652"}],"wp:featuredmedia":[{"embeddable":true,"href":"https:\/\/rubishome.com\/index.php?rest_route=\/wp\/v2\/media\/2650"}],"wp:attachment":[{"href":"https:\/\/rubishome.com\/index.php?rest_route=%2Fwp%2Fv2%2Fmedia&parent=2652"}],"curies":[{"name":"wp","href":"https:\/\/api.w.org\/{rel}","templated":true}]}}