{"id":2768,"date":"2025-05-27T17:23:08","date_gmt":"2025-05-27T15:23:08","guid":{"rendered":"https:\/\/rubishome.com\/?post_type=product&#038;p=2768"},"modified":"2026-03-18T12:07:44","modified_gmt":"2026-03-18T11:07:44","slug":"couvre-lit-de-8-pieces-en-lin-brodee","status":"publish","type":"product","link":"https:\/\/rubishome.com\/?product=couvre-lit-de-8-pieces-en-lin-brodee","title":{"rendered":"couvre lit de 5 pi\u00e8ces en lin brod\u00e9e"},"content":{"rendered":"<p>couvre lit en lin brod\u00e9e :\u00a0 240*260<\/p>\n<p>Taie d\u2019oreiller lin brod\u00e9e\u00a0 : 50\u00d770 (2 pi\u00e8ces)<\/p>\n<p>Taie d\u2019oreiller : 50*70\u00a0 (2 pi\u00e8ces)<\/p>\n<p>&nbsp;<\/p>\n","protected":false},"excerpt":{"rendered":"<p>couvre lit en lin brod\u00e9e :\u00a0 240*260 Taie d\u2019oreiller lin brod\u00e9e\u00a0 : 50\u00d770 (2 pi\u00e8ces) Taie d\u2019oreiller : 50*70\u00a0 (2 pi\u00e8ces) &nbsp;<\/p>\n","protected":false},"featured_media":3106,"comment_status":"open","ping_status":"closed","template":"","meta":[],"_links":{"self":[{"href":"https:\/\/rubishome.com\/index.php?rest_route=\/wp\/v2\/product\/2768"}],"collection":[{"href":"https:\/\/rubishome.com\/index.php?rest_route=\/wp\/v2\/product"}],"about":[{"href":"https:\/\/rubishome.com\/index.php?rest_route=\/wp\/v2\/types\/product"}],"replies":[{"embeddable":true,"href":"https:\/\/rubishome.com\/index.php?rest_route=%2Fwp%2Fv2%2Fcomments&post=2768"}],"wp:featuredmedia":[{"embeddable":true,"href":"https:\/\/rubishome.com\/index.php?rest_route=\/wp\/v2\/media\/3106"}],"wp:attachment":[{"href":"https:\/\/rubishome.com\/index.php?rest_route=%2Fwp%2Fv2%2Fmedia&parent=2768"}],"curies":[{"name":"wp","href":"https:\/\/api.w.org\/{rel}","templated":true}]}}