{"id":2950,"date":"2025-10-31T15:03:35","date_gmt":"2025-10-31T14:03:35","guid":{"rendered":"https:\/\/rubishome.com\/?post_type=product&#038;p=2950"},"modified":"2026-04-02T17:30:19","modified_gmt":"2026-04-02T15:30:19","slug":"couvre-lit-de-8-pieces-en-lin-brodee-beige","status":"publish","type":"product","link":"https:\/\/rubishome.com\/?product=couvre-lit-de-8-pieces-en-lin-brodee-beige","title":{"rendered":"couvre lit de 8 pi\u00e8ces en lin brod\u00e9e beige"},"content":{"rendered":"<p>couvre lit en lin brod\u00e9e :\u00a0 240*260<\/p>\n<p>drap plat en satin de coton 240*260<\/p>\n<p>Taie d\u2019oreiller lin brod\u00e9e\u00a0 : 50\u00d770 (2 pi\u00e8ces)<\/p>\n<p>Taie d\u2019oreiller rayure en satin de coton\u00a0 : 50*70\u00a0 (2 pi\u00e8ces)<\/p>\n<p>Taie d&#8217;oreilles simple en satin de coton<\/p>\n","protected":false},"excerpt":{"rendered":"<p>couvre lit en lin brod\u00e9e :\u00a0 240*260 drap plat en satin de coton 240*260 Taie d\u2019oreiller lin brod\u00e9e\u00a0 : 50\u00d770 (2 pi\u00e8ces) Taie d\u2019oreiller rayure en satin de coton\u00a0 : 50*70\u00a0 (2 pi\u00e8ces) Taie d&#8217;oreilles simple en satin de coton<\/p>\n","protected":false},"featured_media":2951,"comment_status":"open","ping_status":"closed","template":"","meta":[],"_links":{"self":[{"href":"https:\/\/rubishome.com\/index.php?rest_route=\/wp\/v2\/product\/2950"}],"collection":[{"href":"https:\/\/rubishome.com\/index.php?rest_route=\/wp\/v2\/product"}],"about":[{"href":"https:\/\/rubishome.com\/index.php?rest_route=\/wp\/v2\/types\/product"}],"replies":[{"embeddable":true,"href":"https:\/\/rubishome.com\/index.php?rest_route=%2Fwp%2Fv2%2Fcomments&post=2950"}],"wp:featuredmedia":[{"embeddable":true,"href":"https:\/\/rubishome.com\/index.php?rest_route=\/wp\/v2\/media\/2951"}],"wp:attachment":[{"href":"https:\/\/rubishome.com\/index.php?rest_route=%2Fwp%2Fv2%2Fmedia&parent=2950"}],"curies":[{"name":"wp","href":"https:\/\/api.w.org\/{rel}","templated":true}]}}