{"id":404,"date":"2021-02-05T16:16:36","date_gmt":"2021-02-05T15:16:36","guid":{"rendered":"https:\/\/rubishome.com\/?post_type=product&#038;p=404"},"modified":"2025-06-16T16:13:01","modified_gmt":"2025-06-16T14:13:01","slug":"ensemble-de-housse-de-couette-double-en-satin-jacquard-violet","status":"publish","type":"product","link":"https:\/\/rubishome.com\/?product=ensemble-de-housse-de-couette-double-en-satin-jacquard-violet","title":{"rendered":"Ensemble de housse de couette double en satin jacquard Violet"},"content":{"rendered":"<p>Instructions de lavage<\/p>\n<p>* Max. Laver d\u00e9licatement \u00e0 30 degr\u00e9s<\/p>\n<p>* Ne peut pas \u00eatre blanchi<\/p>\n<p>* Peut \u00eatre repass\u00e9 \u00e0 temp\u00e9rature moyenne<\/p>\n<p>* S\u00e9cher \u00e0 basse temp\u00e9rature<\/p>\n<p>* Pas de nettoyage \u00e0 sec<\/p>\n","protected":false},"excerpt":{"rendered":"<p>Housse de couette Jacquard : 200&#215;220<\/p>\n<p>Taie d&#8217;oreiller Jacquard Volant : 50&#215;70 (2 pi\u00e8ces)<\/p>\n<p>Taie d&#8217;oreiller standard : 50&#215;70 (2 pi\u00e8ces)<\/p>\n<p>Drap de lit: 240&#215;260<\/p>\n","protected":false},"featured_media":405,"comment_status":"open","ping_status":"closed","template":"","meta":[],"_links":{"self":[{"href":"https:\/\/rubishome.com\/index.php?rest_route=\/wp\/v2\/product\/404"}],"collection":[{"href":"https:\/\/rubishome.com\/index.php?rest_route=\/wp\/v2\/product"}],"about":[{"href":"https:\/\/rubishome.com\/index.php?rest_route=\/wp\/v2\/types\/product"}],"replies":[{"embeddable":true,"href":"https:\/\/rubishome.com\/index.php?rest_route=%2Fwp%2Fv2%2Fcomments&post=404"}],"wp:featuredmedia":[{"embeddable":true,"href":"https:\/\/rubishome.com\/index.php?rest_route=\/wp\/v2\/media\/405"}],"wp:attachment":[{"href":"https:\/\/rubishome.com\/index.php?rest_route=%2Fwp%2Fv2%2Fmedia&parent=404"}],"curies":[{"name":"wp","href":"https:\/\/api.w.org\/{rel}","templated":true}]}}