{"id":483,"date":"2021-02-10T15:53:48","date_gmt":"2021-02-10T14:53:48","guid":{"rendered":"https:\/\/rubishome.com\/?post_type=product&#038;p=483"},"modified":"2024-05-27T20:27:42","modified_gmt":"2024-05-27T18:27:42","slug":"ensemble-housse-de-couette-brodee-saumon","status":"publish","type":"product","link":"https:\/\/rubishome.com\/?product=ensemble-housse-de-couette-brodee-saumon","title":{"rendered":"Ensemble housse de couette brod\u00e9e saumon"},"content":{"rendered":"<p>Instructions de lavage<\/p>\n<p>* Lavable \u00e0 30 degr\u00e9s<\/p>\n<p>* Ne peut pas \u00eatre blanchi<\/p>\n<p>* S\u00e9cher \u00e0 temp\u00e9rature normale<\/p>\n<p>* Peut \u00eatre repass\u00e9 \u00e0 une chaleur douce<\/p>\n<p>* Pas de nettoyage \u00e0 sec<\/p>\n","protected":false},"excerpt":{"rendered":"<p>CARACT\u00c9RISTIQUES DU PRODUIT<\/p>\n<p>Ensemble housse de couette : 100% coton<\/p>\n<p>Jeter : 80% coton 20% polyester<\/p>\n<p>HOUSSE DE COUETTE BROD\u00c9E: 200&#215;220 cm<\/p>\n<p>Drap plat : 240&#215;260 cm<\/p>\n<p>TAIE D&#8217;OREILLER BROD\u00c9E: 50&#215;70 (2 pi\u00e8ces)<\/p>\n<p>Jeter de lit: 200&#215;230<\/p>\n","protected":false},"featured_media":484,"comment_status":"open","ping_status":"closed","template":"","meta":[],"_links":{"self":[{"href":"https:\/\/rubishome.com\/index.php?rest_route=\/wp\/v2\/product\/483"}],"collection":[{"href":"https:\/\/rubishome.com\/index.php?rest_route=\/wp\/v2\/product"}],"about":[{"href":"https:\/\/rubishome.com\/index.php?rest_route=\/wp\/v2\/types\/product"}],"replies":[{"embeddable":true,"href":"https:\/\/rubishome.com\/index.php?rest_route=%2Fwp%2Fv2%2Fcomments&post=483"}],"wp:featuredmedia":[{"embeddable":true,"href":"https:\/\/rubishome.com\/index.php?rest_route=\/wp\/v2\/media\/484"}],"wp:attachment":[{"href":"https:\/\/rubishome.com\/index.php?rest_route=%2Fwp%2Fv2%2Fmedia&parent=483"}],"curies":[{"name":"wp","href":"https:\/\/api.w.org\/{rel}","templated":true}]}}