{"id":533,"date":"2021-02-12T16:42:35","date_gmt":"2021-02-12T15:42:35","guid":{"rendered":"https:\/\/rubishome.com\/?post_type=product&#038;p=533"},"modified":"2024-09-07T20:49:56","modified_gmt":"2024-09-07T18:49:56","slug":"mini-set-inox-ruya-6-pieces","status":"publish","type":"product","link":"https:\/\/rubishome.com\/?product=mini-set-inox-ruya-6-pieces","title":{"rendered":"MINI SET Inox Ruya 6 pi\u00e8ces"},"content":{"rendered":"<p>Acier inoxydable 18\/10 Cr-Ni<br \/>\nForme de corps sp\u00e9ciale<br \/>\nBase de capsule super assurant une conduction thermique homog\u00e8ne<br \/>\nDes surfaces ext\u00e9rieures qui conservent toujours leur \u00e9clat<br \/>\nPoign\u00e9es en bak\u00e9lite ergonomiques et non br\u00fblantes<br \/>\nFaitout de 16 cm de profondeur<br \/>\nFaitout de 18 cm de profondeur<br \/>\nFaitout de 20 cm de profondeur<\/p>\n","protected":false},"excerpt":{"rendered":"<p>CODE PRODUIT:: S-1171<br \/>\nMARQUE: EV\u0130MSARAY<br \/>\nP\u00c9RIODE DE GARANTIE: 2 ANN\u00c9ES<br \/>\nPI\u00c8CE EN BO\u00ceTE: 4 PI\u00c8CES<\/p>\n","protected":false},"featured_media":2165,"comment_status":"open","ping_status":"closed","template":"","meta":[],"_links":{"self":[{"href":"https:\/\/rubishome.com\/index.php?rest_route=\/wp\/v2\/product\/533"}],"collection":[{"href":"https:\/\/rubishome.com\/index.php?rest_route=\/wp\/v2\/product"}],"about":[{"href":"https:\/\/rubishome.com\/index.php?rest_route=\/wp\/v2\/types\/product"}],"replies":[{"embeddable":true,"href":"https:\/\/rubishome.com\/index.php?rest_route=%2Fwp%2Fv2%2Fcomments&post=533"}],"wp:featuredmedia":[{"embeddable":true,"href":"https:\/\/rubishome.com\/index.php?rest_route=\/wp\/v2\/media\/2165"}],"wp:attachment":[{"href":"https:\/\/rubishome.com\/index.php?rest_route=%2Fwp%2Fv2%2Fmedia&parent=533"}],"curies":[{"name":"wp","href":"https:\/\/api.w.org\/{rel}","templated":true}]}}